317 a prime number?
True
Is 10655547365 composite?
True
Is 23159867183 a composite number?
True
Is 4185793813 a composite number?
True
Is 10081471519 composite?
True
Is 3691064453 a composite number?
False
Is 11236165081 a prime number?
True
Is 622361161 a prime number?
True
Is 4645072493 composite?
True
Is 33153014533 a prime number?
True
Is 1761301389 a prime number?
False
Is 174546467 a composite number?
True
Is 1438659583 prime?
True
Is 1327125647 a prime number?
False
Is 1016755249 prime?
False
Is 28452616397 composite?
True
Is 2233089851 a composite number?
True
Is 34228426 a composite number?
True
Is 17732659771 composite?
False
Is 2683056821 a prime number?
True
Is 150901115741 a composite number?
False
Is 108489462583 prime?
True
Is 17943084751 composite?
True
Is 409895839 a prime number?
True
Is 3917888497 composite?
True
Is 31477570165 composite?
True
Is 6119953247 a composite number?
False
Is 7416334469 composite?
False
Is 24251755699 composite?
False
Is 73114387 composite?
False
Is 37522189 prime?
True
Is 1037782141 a prime number?
False
Is 2542196857 composite?
False
Is 15263977 a composite number?
True
Is 187639994 a prime number?
False
Is 2047952161 a prime number?
True
Is 4870291297 a prime number?
True
Is 40953811 a prime number?
True
Is 14775986941 composite?
False
Is 2968997417 a composite number?
False
Is 16319971289 a composite number?
True
Is 45955112129 a composite number?
False
Is 8252887003 composite?
False
Is 408374917 composite?
False
Is 1952798759 a composite number?
False
Is 60137149739 prime?
False
Is 2931893119 prime?
True
Is 86910270911 a prime number?
True
Is 323551351 prime?
False
Is 19430489941 a prime number?
True
Is 3956689589 composite?
False
Is 1038138653 composite?
True
Is 75604475459 a composite number?
False
Is 8421087313 composite?
True
Is 4269047609 prime?
True
Is 40246114841 a prime number?
True
Is 610639774 a composite number?
True
Is 49815023159 prime?
False
Is 2402188279 prime?
False
Is 642324569 prime?
True
Is 218819698 prime?
False
Is 1143840889 composite?
False
Is 1438456135 a composite number?
True
Is 1632660697 composite?
False
Is 5998352159 prime?
False
Is 1285791641 a prime number?
True
Is 10669726339 composite?
False
Is 5496494921 prime?
False
Is 2788411445 prime?
False
Is 156699440113 composite?
True
Is 705751051 prime?
True
Is 8835634493 a prime number?
False
Is 29645799497 a prime number?
True
Is 4329219283 a composite number?
True
Is 2892644831 a prime number?
True
Is 65525165557 a composite number?
False
Is 13830234109 prime?
False
Is 1927272073 composite?
True
Is 23325845845 a composite number?
True
Is 10546553597 a composite number?
True
Is 1207016339 composite?
False
Is 40966633777 a composite number?
False
Is 2319697547 a composite number?
False
Is 23963276291 a prime number?
False
Is 8101365719 a composite number?
False
Is 3849572687 a prime number?
False
Is 714339713 a composite number?
True
Is 29555111317 composite?
True
Is 2641211473 a prime number?
False
Is 965302573 composite?
False
Is 5030063617 a composite number?
True
Is 1081085101 a prime number?
True
Is 418850173 prime?
False
Is 4019246071 a prime number?
True
Is 8673933859 prime?
False
Is 4262639387 prime?
True
Is 1614829331 a prime number?
True
Is 65587294441 composite?
True
Is 243596536361 composite?
False
Is 17330650453 composite?
True
Is 11084372105 composite?
True
Is 73410545671 a composite number?
False
Is 2105214019 composite?
True
Is 11771908529 a composite number?
False
Is 241066031 prime?
True
Is 8253222647 prime?
False
Is 899360353 a prime number?
False
Is 397979453 a prime number?
False
Is 104496075799 prime?
True
Is 297640101929 prime?
False
Is 3110042153 composite?
True
Is 7311327889 a prime number?
False
Is 10040284883 prime?
False
Is 34299017693 prime?
False
Is 548419939 a prime number?
True
Is 92868491 a composite number?
False
Is 10700967937 composite?
True
Is 17673334061 composite?
False
Is 2907310927 a composite number?
True
Is 139815953963 composite?
True
Is 7102158301 a prime number?
False
Is 3979449841 a prime number?
False
Is 2045806153 a prime number?
True
Is 61202148271 a composite number?
True
Is 5625026413 a prime number?
False
Is 66298199063 composite?
True
Is 7160720851 a prime number?
True
Is 29853665705 a prime number?
False
Is 17720174377 prime?
True
Is 159936809 a prime number?
False
Is 5052089029 composite?
True
Is 10014977837 a prime number?
False
Is 16585560847 composite?
True
Is 2798385019 a composite number?
False
Is 6890864017 composite?
False
Is 6246132107 a composite number?
False
Is 43953270793 composite?
True
Is 28721518019 prime?
False
Is 31655699 a prime number?
True
Is 244455336059 prime?
False
Is 355005887 composite?
True
Is 115118985473 composite?
False
Is 40153044697 a composite number?
False
Is 53297109211 prime?
True
Is 2099548037 a prime number?
True
Is 4370618647 a prime number?
True
Is 16600295321 a composite number?
False
Is 246906769237 a composite number?
False
Is 775976197 composite?
True
Is 547456081 a composite number?
False
Is 22110372565 composite?
True
Is 1028388461 a composite number?
True
Is 254661991 a composite number?
False
Is 114233403385 a composite number?
True
Is 290071037 composite?
False
Is 24917381791 prime?
False
Is 892736681 prime?
False
Is 234460749701 composite?
False
Is 6578042813 composite?
True
Is 5960474441 prime?
False
Is 1677213259 composite?
True
Is 5334451201 a prime number?
False
Is 4009384381 composite?
False
Is 39802111827 composite?
True
Is 57359457047 prime?
False
Is 33746507797 composite?
True
Is 541796413 composite?
False
Is 2005409501 a prime number?
True
Is 32736352469 composite?
True
Is 43441298 a prime number?
False
Is 6976526255 prime?
False
Is 22855268279 composite?
False
Is 2263247123 a prime number?
True
Is 58147357 a composite number?
True
Is 1098517103 composite?
True
Is 46562266651 a prime number?
True
Is 1181064343 a prime number?
True
Is 5432828927 a composite number?
False
Is 1473349 prime?
False
Is 10353306805 composite?
True
Is 23861454079 composite?
False
Is 436296643 prime?
True
Is 113200609649 a prime number?
True
Is 6062491927 prime?
False
Is 14946568387 composite?
True
Is 19146317039 prime?
True
Is 5641611733 a prime number?
True
Is 10757165959 a prime number?
True
Is 10343751787 a prime number?
False
Is 615454243 a prime number?
False
Is 474459121 prime?
True
Is 9236131171 a prime number?
False
Is 166667319887 prime?
True
Is 446628821 composite?
True
Is 1124473313 a prime number?
False
Is 614083451 composite?
False
Is 5002738187 composite?
False
Is 3660647719 a composite number?
False
Is 1213015889 prime?
True
Is 6401290537 a composite number?
True
Is 1379284219 a composite number?
False
Is 682380849 prime?
False
Is 35640225653 prime?
True
Is 36948381317 a composite number?
True
Is 654223747 a composite number?
False
Is 81478684733 a composite number?
True
Is 625988315 a composite number?
True
Is 1558480349 composite?
True
Is 1157854441 composite?
True
Is 15687852749 a prime number?
False
Is 122547524197 a composite number?
True
Is 12654596609 composite?
False
Is 15835263937 prime?
True
Is 2852560357 prime?
True
Is 40704689 a composite number?
True
Is 1658004463 composite?
True
Is 632548753 composite?
False
Is 1121140981 composite?
False
Is 502180793 prime?
False
Is 3272629343 composite?
True
Is 14934775423 a prime number?
False
Is 1943022031 a composite number?
False
Is 13418115923 prime?
True
Is 16142843791 a composite number?
True
Is 41729702783 composite?
True
Is 3672456239 composite?
True
Is 383372383 a composite number?
True
Is 8024817349 composite?
False
Is 40008444557 prime?
True
Is 5564199451 prime?
False
Is 1581447863 a prime number?
True
Is 363415021 a prime number?
False
Is 635169109 a composite number?
True
Is 8025955321 a composite number?
False
Is 591634111 prime?
False
Is 857312923 composite?
False
Is 42269117477 a composite number?
False
Is 2347069709 a composite number?
True
Is 73163175287 composite?
False
Is 85114935253 prime?
False
Is 17165204891 a prime number?
True
Is 101423573 a prime number?
False
Is 30348215542 prime?
False
Is 4496937457 a composite number?
True
Is 16279781941 prime?
False
Is 5032791815 a prime number?
False
Is 24028843279 prime?
False
Is 13103592613 prime